 - -3 - -15 - 6.
5
What is the value of -5 - (2 + (5 - 13))?
1
Evaluate -5 + -4 + 7 + 9.
7
2 - 1 - 0 - (2 + 4)
-5
What is (-6 - 9) + 8 - -14?
7
What is -2 + (3 - 4) + (2 - 0)?
-1
Calculate (2 + -4 - -2) + 4.
4
Calculate -1 - -1 - -2 - (9 - 7).
0
What is the value of -3 - ((-4 + 1 - 4) + 8)?
-4
Evaluate 0 + (-18 - -16) + (-4 - 0).
-6
What is -2 + (-6 - -3) + 7 - -2?
4
What is the value of 13 + -7 - 5 - 7?
-6
Evaluate -7 + (14 + 2 - 4).
5
Evaluate (-3 - 2) + (-7 - -4) + -1.
-9
Evaluate 6 - (4 + 3 + -2).
1
Calculate -20 + 6 + 11 + 7.
4
0 - 1 - (0 + -4)
3
-2 + -7 + (18 - (5 - -3))
1
-5 - (-4 + (3 - 3) + 0)
-1
What is the value of (20 + -7 - 6) + -2?
5
Evaluate 2 - 0 - (-16 - -20).
-2
Calculate -6 - -4 - (-3 - 0) - 4.
-3
Evaluate 2 + 0 + (0 - (6 + 0)).
-4
Calculate -3 + 4 - (1 - -3).
-3
What is -1 + 4 + (0 - -2)?
5
What is (-1 + -9 - (-95 + 93)) + 16?
8
Calculate 5 + (-12 - 3) - -12.
2
What is the value of (4 - -7) + -2 - (15 + -7)?
1
What is the value of (3 - 3) + 15 - 12?
3
Calculate 16 + -22 + (2 - 0).
-4
Calculate -9 + 1 - (6 - 15).
1
Calculate -8 - -5 - (-2 - 3).
2
-5 + 11 - (-4 - (-4 - 9))
-3
What is the value of (-14 - -17) + (-1 - 0)?
2
What is the value of (7 - (14 + -8)) + 1 + 2?
4
Calculate 3 + 16 + -15 - (1 - -1).
2
Calculate -6 + (-1 - -1) - (8 + -11).
-3
What is 4 - (6 + (3 - 2))?
-3
What is 3 + (-2 - (-6 + 5))?
2
What is the value of -1 + 1 + 8 + -4 - -3?
7
Evaluate (-1 - 1 - (-12 + 13)) + -2.
-5
Calculate -1 + (-5 - 2) + 5.
-3
Evaluate (2 - (-3 + -4 - -9)) + 10.
10
What is the value of 4 + 2 + (-2 - (10 + -3))?
-3
What is the value of -2 - (-5 - (-4 + -1))?
-2
What is the value of -2 + 0 + -3 + 4 + 3?
2
Evaluate -1 + -1 + -9 + 5.
-6
What is the value of -5 + 6 + 5 - 10?
-4
Evaluate -3 - (2 - 7) - (-13 + 15).
0
-14 + 20 - (5 - (-3 - -7))
5
What is the value of 1 + -1 - -1 - (-22 + 19)?
4
8 + -11 - (-4 + 1)
0
Calculate -2 + 2 + 2 + 1 + 0.
3
Evaluate -2 + (-1 + 1 + 2 - 0).
0
Evaluate 5 + -4 + -10 + 4.
-5
Evaluate -2 + 0 + 5 + -5.
-2
Evaluate -9 + 4 - -4 - -4.
3
What is the value of -7 + 2 + -2 + 0 + 2?
-5
Calculate -5 + (5 - 4) + 3.
-1
What is -3 + 5 + 2 + 0?
4
What is 5 + -5 + -1 - -5?
4
7 + 0 + -13 + (6 - 3)
-3
Evaluate 7 + (-1 - 2 - (3 - 4)).
5
1 + -5 - (-18 - -14)
0
Calculate 8 - (5 + -6 + 5).
4
What is 11 - (-10 - (-10 - 9))?
2
Calculate 10 + -7 - (5 + 3).
-5
Evaluate -5 + (-7 + 2 - -6).
-4
Evaluate (30 - 32) + 3 + 0.
1
Calculate 21 - 24 - (0 + -2).
-1
What is the value of -4 - (-4 + 4 + 3 - 1)?
-6
4 + (4 + (1 - 5) - -1)
5
Evaluate -6 + 3 + 3 - 0.
0
What is 0 - (-11 - (1 + -6)) - -2?
8
What is the value of (6 - 11 - -4) + -3?
-4
Evaluate 2 + 5 + -2 + -3.
2
1 - 0 - (-6 - -3 - 0)
4
What is (-17 - (-11 - -2)) + 9?
1
Evaluate -10 - (-1 + -5 + 1).
-5
What is 5 - (12 + -10) - (-2 + 1)?
4
Calculate 1 + 3 + 1 + 2 + -3.
4
What is the value of 4 + 12 + -8 + -12 + 4?
0
Evaluate -2 + 2 + 6 + 4 + -5.
5
What is the value of (-4 - 0) + 3 + 5?
4
What is the value of (-6 - 1) + -21 + 28?
0
What is the value of (34 - 41) + (1 - (-1 + -3))?
-2
What is the value of 6 + -15 + -3 + 8?
-4
What is the value of -12 + (4 - (-7 + 9 - 3))?
-7
What is the value of 3 - (-3 + 5 + 1) - 0?
0
What is (8 - 5 - 3) + -3?
-3
Evaluate -6 - (-16 + 6 + 7).
-3
1 + 8 + -13 + 18 + -9
5
Evaluate 0 - (1 - 6 - (-2 + -2)).
1
What is 2 + 2 + (3 - 8)?
-1
What is -4 - (-2 - (11 - 5))?
4
Evaluate 4 + -2 - (-6 + 4).
4
24 + (-11 - 18) + 16 + 0
11
What is the value of 0 + (4 - 7) - 1 - -1?
-3
Evaluate 1 + 7 + -12 + 0 + 1.
-3
Evaluate 3 - (-2 - 1 - -2 - -5).
-1
What is (-12 - -8) + (-1 - -2) + 1?
-2
4 + (-4 + (11 - 4) - 4)
3
What is 1 - (-9 - (0 + -5))?
5
What is (-1 - 1) + 16 + -12?
2
Calculate 22 - 15 - (0 + 2).
5
What is the value of 2 + (-4 - 2 - -2 - 3)?
-5
Calculate 10 + (1 - 14) + 9 + -1.
5
What is the value of 7 + 0 + -4 + -4 + 1?
0
What is (8 - 11) + -3 + 8?
2
Calculate (3 - 6) + (1 - 1).
-3
-1 - (-3 + 2) - (-23 - -22)
1
What is 1 - -1 - (-9 - -7)?
4
Calculate -6 - 5 - (-1 + -4).
-6
Evaluate -2 + -1 - ((-1 - -5) + -3).
-4
7 - 3 - (2 - (-3 - 0))
-1
What is -6 + 0 + 2 + 2 + 9?
7
Calculate 11 + -18 - 2 - -1.
-8
Calculate (10 - -7) + -13 + -3 + -1.
0
What is (-1 - (1 - 0)) + 5 - 2?
1
Evaluate 4 - 7 - (-6 - -8 - 4).
-1
Evaluate 1 + (-13 - -13) + (-8 - -2).
-5
What is (-4 - 0) + (-1 - 1) - -4?
-2
What is the value of -3 - (5 + -17 - -6)?
3
(0 - 1) + (-2 - (-12 + 10))
-1
7 + -2 + -11 + 7 + 5
6
-3 - (-13 - -8 - (1 - 0))
3
What is the value of (1 - 2) + (4 - 1 - 1)?
1
3 - ((-2 - 0) + 7)
-2
What is the value of -2 - (-2 + (1 - -3))?
-4
What is the value of 1 + (2 - 8) - -9?
4
Calculate 3 + (0 - 5) + -2.
-4
What is the value of -6 + 1 - (-7 + (-8 - -11))?
-1
Calculate -3 + (2 - -1) - -4.
4
51 + -51 - (0 + -2)
2
What is -4 - (3 - 5 - (6 + -5))?
-1
Evaluate 8 + -12 + (-5 - -3) - 1.
-7
Evaluate (2 - 2) + -2 + 3 + 4.
5
Evaluate 3 - (-2 + -1 - -6).
0
Calculate 13 - (1 - -3) - 8.
1
What is (5 + -2 - 8) + -23 + 29?
1
0 + -1 + 0 - (2 - 3)
0
Evaluate 9 + -3 + -3 + -2.
1
Calculate -1 - (-3 - -3) - -4.
3
Calculate 2 - (9 + 10 - 11).
-6
What is the value of 35 + -37 + (-3 - (-17 - -2))?
10
What is 0 - (8 - 2) - (-1 + 0)?
-5
Evaluate (6 - 3) + (12 - 18).
-3
What is -1 + (-5 - -5 - -2)?
1
(9 - 11) + (5 - 2) + -3
-2
What is the value of 5 - ((-2 - (2 + -2)) + -3)?
10
Calculate (-1 - 0 - 0) + 1 + 0.
0
-3 - (1 - (-2 - -2))
-4
(-1 - (6 + -3)) + 12
8
Evaluate -2 + 5 - (2 - 3).
4
-2 + 7 + 0 - (-16 + 18)
3
Evaluate 2 - (-2 + -1 + 1).
4
What is -5 - (-4 + (-3 - -5) + 2)?
-5
What is the value of 13 + -21 + (4 - 0)?
-4
(2 - -6) + -4 + (-5 - 0)
-1
6 + 0 - 3 - (-2 - -2)
3
What is the value of (-2 - (3 + -6)) + 3?
4
-1 + (-7 - (-5 + 6))
-9
Calculate -4 + 6 - -10 - 9.
3
Evaluate -7 + -2 + (-3 - -7).
-5
Calculate (1 - 1) + (0 - (5 + -5)).
0
-13 - (11 - 3 - 18)
-3
What is (-6 + 10 - 6) + 9?
7
Evaluate 5 + 4 + -10 - (4 - 6).
1
Calculate (-1 - -1) + (0 + -1 - 3).
-4
Evaluate (-3 - 0) + 0 + 5.
2
What is the value of -2 - (2 - -2) - -13?
7
Evaluate 9 + -16 + 12 + 4.
9
Evaluate (-3 - -7) + -2 + 2 + 6.
10
Calculate -4 + (-3 - (-1 - 3)).
-3
What is 10 - 2 - (31 - 20)?
-3
What is 3 - (1 + 0) - 0 - 5?
-3
What is 4 + 8 + 3 + -3 + -6?
6
What is (14 - 10 - 12) + (-2 - -8)?
-2
Calculate -2 + 9 + -12 - (0 - 4).
-1
(5 - 4) + -2 + (-2 - 0)
-3
Evaluate 8 + (0 - 0 - 4).
4
What is (4 - -1) + -12 + 0 + -1?
-8
Calculate -2 + -1 + (5 - (-5 + 11)).
-4
Calculate 7 - (-29 + 22 - (-4 - -1)).
11
What is -6 + 0 + 0 - 1?
-7
(13 - 5) + (4 - 8)
4
Calculate -7 + (-2 + -4 - -18).
5
What is -7 + (5 - 1) + -6?
-9
What is 1 + (-9 - -11) - 1?
2
Evaluate -3 + (1 - (1 + 4 + -4)).
-3
What is -15 + 4 + 4 - -4?
-3
7 + -2 - (22 + -10 - 7)
0
Evaluate -3 - 3 - (-2 + -3).
-1
-2 - (-5 + (0 - -1) + 2)
0
What is 3 + 0 + -3 + -3 + 5?
2
-10 + (6 + -12 - -15)
-1
What is 17 - (3 + (3 - -3))?
8
What is the value of -10 + (7 - (-7 - -12))?
-8
What is -5 + 4 - (-1 - 4)?
4
Calculate (-3 - -7) + 4 + -1.
7
What is the value of (-7 - (0 + 0 + -3)) + -5?
-9
What is the value of -4 - (3 - (1 + 5))?
-1
What is the value of (-4 - (12 + -4)) + 9?
-3
What is 6 - (0 - (10 - 13))?
3
What is the value of (-5 - (0 + 7 + -11)) + 6?
5
Calculate 1 + 8 + -10 + 10.
9
Evaluate -7 - (1 + -6 + -2).
0
Calculate 2 + (12 - 2) + -6.
6
What is the value of -9 + 16 + -14 - (0 - 1)?
-6
Calculate 1 + 0 - (-3 + 2 - -4).
-2
Evaluate (3 + 3 - (-1 + 3)) + -1.
3
0 - (4 + (-4 + 3 - 1))
-2
Calculate -2 - (17 + -31 + (-2 - -10)).
4
What is 4 + -7 + -1 + 0 + 8?
4
What is (-3 - -1) + 6 + -2?
2
Evaluate 1 + (5 - 2) - 9.
-5
Calculate -5 - (0 - (4 + -2)).
-3
What is the value of (0 - -1) + 12 + (-10 - 6)?
-3
What is the value of 12 + 0 + (-1 - 6)?
5
Evaluate 2 + 3 + (-4 - 4).
-3
What is the value of -8 + 15 + -6 + -3?
-2
(3 - -2) + 2 + (4 - 11)
0
Calculate 8 + (6 - 8) + (-3 - 3).
0
Calculate -43 + 34 - (-1 + -11).
3
-1 - (-7 + 2 + -1 + 1)
4
What is the value of 10 + (0 - 11 - -7)?
6
Calculate 21 + -16 + (0 - 4).
1
What is 11 - (-12 + (-8 - -23))?
8
-4 + (0 - (1 - 4)) + 1
0
What is the value of 4 + (-3 - -2) - (-3 - -7)?
-1
What is (1 - 5) + (3 - 5) + 4?
-2
Evaluate (-2 - 5 - (-3 + -1)) + 0.
-3
What is (3 + -1 + 1 - 3) + 3?
3
Evaluate 2 + -6 + -1 + -1 - -2.
-4
What is 1 + 0 + (-1 - 2) + -1?
-3
Calculate 8 + (5 - (18 + -8)).
3
-4 - (6 + -1 - 10)
1
What is 6 + -10 + -3 + 3?
-4
5 - (3 + -4 + (5 - 3))
4
What is (8